{"id":7,"date":"2018-06-15T09:47:08","date_gmt":"2018-06-15T09:47:08","guid":{"rendered":"https:\/\/cms.eumotion.eu\/?page_id=7"},"modified":"2018-06-15T14:19:38","modified_gmt":"2018-06-15T14:19:38","slug":"mission","status":"publish","type":"page","link":"https:\/\/cms.eumotion.eu\/?page_id=7","title":{"rendered":"Mission"},"content":{"rendered":"<div class=\"article-content\">\n<p class=\"paragraph_style_3\" align=\"justify\"><span class=\"style_3\">Wir sch\u00f6pfen aus dem immensen Reichtum der europ\u00e4ischen Kultur offener Gesellschaften. <\/span><\/p>\n<\/div>\n<p align=\"justify\"><img loading=\"lazy\" decoding=\"async\" class=\"aligncenter wp-image-34\" src=\"https:\/\/cms.eumotion.eu\/wp-content\/uploads\/2018\/06\/Rom-300x174.jpg\" alt=\"\" width=\"478\" height=\"277\" srcset=\"https:\/\/cms.eumotion.eu\/wp-content\/uploads\/2018\/06\/Rom-300x174.jpg 300w, https:\/\/cms.eumotion.eu\/wp-content\/uploads\/2018\/06\/Rom-768x445.jpg 768w, https:\/\/cms.eumotion.eu\/wp-content\/uploads\/2018\/06\/Rom.jpg 907w\" sizes=\"auto, (max-width: 478px) 100vw, 478px\" \/><\/p>\n<div class=\"article-content\">\n<p class=\"paragraph_style_3\" align=\"justify\"><span class=\"style_3\">EuMotion \u2013 Institute for Advanced Social and Economic Studies in Europe e.V. \u2013 versucht deshalb, einen robusten Beitrag zur V\u00f6lkerverst\u00e4ndigung und zur Pflege eines gemeinsamen europ\u00e4ischen <\/span><span class=\"style_4\">Kulturerbes<\/span><span class=\"style_3\"> zu leisten, das besonders durch Vernunft, Kritikf\u00e4higkeit, christliche Ausrichtung, Menschenrechte und Demokratie sowie \u00fcbergreifende Bildung charakterisiert werden kann.<br \/>\n<\/span><\/p>\n<p class=\"paragraph_style_3\" align=\"justify\"><span class=\"style_3\">Vor diesem Hintergrund werden Grundfragen unserer Zeit thematisiert und vor allem zentrale Aspekte der Kultur- und Gesellschafts- sowie der Lebens- und Wirtschaftswissenschaften dem Kreis Interessierter zug\u00e4nglich gemacht.<br \/>\n<\/span><\/p>\n<p class=\"paragraph_style_3\" align=\"justify\"><strong><span class=\"style_3\">Wir arbeiten<br \/>\n<\/span><\/strong><\/p>\n<div>\n<ol>\n<li class=\"full-width\"><strong><span class=\"style_3\">wissenschaftszentriert und interdisziplin\u00e4r,<br \/>\n<\/span><\/strong><\/li>\n<li class=\"full-width\"><strong><span class=\"style_3\">ganzheitlich und global,<br \/>\n<\/span><\/strong><\/li>\n<li class=\"full-width\"><strong><span class=\"style_3\">auf Netzwerken fu\u00dfend und langzeitlich,<br \/>\n<\/span><\/strong><\/li>\n<li class=\"full-width\"><strong><span class=\"style_3\">politisch unabh\u00e4ngig und eigenverantwortlich sowie<br \/>\n<\/span><\/strong><\/li>\n<li class=\"full-width\"><strong><span class=\"style_3\">im partnerschaftlichen Dialog f\u00fcr eine humanere Welt.<br \/>\n<\/span><\/strong><\/li>\n<\/ol>\n<\/div>\n<p class=\"paragraph_style_6\" align=\"justify\"><strong><span class=\"style_3\">EuMotion ist ein grenz\u00fcberschreitendes Miteinander von VertreterInnen aus Wissenschaft und Kultur, Wirtschaft und Politik aus zahlreichen L\u00e4ndern der Europ\u00e4ischen Union, insbesondere aus den sog. Visegr\u00e1d-Staaten und Deutschland.<br \/>\n<\/span><\/strong><\/p>\n<p align=\"justify\"><strong><span class=\"style_3\">Unsere gemeinsame Leitidee ist die engagierte F\u00f6rderung einer wissensbasierten, nachhaltigen Verhaltens\u00e4nderung, um die menschlichen Bed\u00fcrfnisse umfassender ber\u00fccksichtigen zu k\u00f6nnen.<\/span><\/strong><\/p>\n<p align=\"justify\">Unser Fokus ist vor allem darauf gerichtet, die vielf\u00e4ltigen existenziellen Herausforderungen einer globalisierten, entfesselten und komplexer werdenden Welt f\u00fcr unsere europ\u00e4ische Kultur zu identifizieren und mit wissenschaftlich fundierten und lebensstrategischen (Alternativ-)L\u00f6sungen zu kontern.<\/p>\n<\/div>\n","protected":false},"excerpt":{"rendered":"<p>Wir sch\u00f6pfen aus dem immensen Reichtum der europ\u00e4ischen Kultur offener Gesellschaften. EuMotion \u2013 Institute for Advanced Social and Economic Studies in Europe e.V. \u2013 versucht deshalb, einen robusten Beitrag zur V\u00f6lkerverst\u00e4ndigung und zur Pflege eines gemeinsamen europ\u00e4ischen Kulturerbes zu leisten, das besonders durch Vernunft, Kritikf\u00e4higkeit, christliche Ausrichtung, Menschenrechte und Demokratie sowie \u00fcbergreifende Bildung charakterisiert werden &hellip; <\/p>\n<p class=\"link-more\"><a href=\"https:\/\/cms.eumotion.eu\/?page_id=7\" class=\"more-link\"><span class=\"screen-reader-text\">\u201eMission\u201c <\/span>weiterlesen<\/a><\/p>\n","protected":false},"author":1,"featured_media":0,"parent":0,"menu_order":0,"comment_status":"closed","ping_status":"closed","template":"","meta":{"footnotes":""},"class_list":["post-7","page","type-page","status-publish","hentry"],"_links":{"self":[{"href":"https:\/\/cms.eumotion.eu\/index.php?rest_route=\/wp\/v2\/pages\/7","targetHints":{"allow":["GET"]}}],"collection":[{"href":"https:\/\/cms.eumotion.eu\/index.php?rest_route=\/wp\/v2\/pages"}],"about":[{"href":"https:\/\/cms.eumotion.eu\/index.php?rest_route=\/wp\/v2\/types\/page"}],"author":[{"embeddable":true,"href":"https:\/\/cms.eumotion.eu\/index.php?rest_route=\/wp\/v2\/users\/1"}],"replies":[{"embeddable":true,"href":"https:\/\/cms.eumotion.eu\/index.php?rest_route=%2Fwp%2Fv2%2Fcomments&post=7"}],"version-history":[{"count":2,"href":"https:\/\/cms.eumotion.eu\/index.php?rest_route=\/wp\/v2\/pages\/7\/revisions"}],"predecessor-version":[{"id":40,"href":"https:\/\/cms.eumotion.eu\/index.php?rest_route=\/wp\/v2\/pages\/7\/revisions\/40"}],"wp:attachment":[{"href":"https:\/\/cms.eumotion.eu\/index.php?rest_route=%2Fwp%2Fv2%2Fmedia&parent=7"}],"curies":[{"name":"wp","href":"https:\/\/api.w.org\/{rel}","templated":true}]}}